{"id":7988,"date":"2020-08-28T22:36:51","date_gmt":"2020-08-29T01:36:51","guid":{"rendered":"https:\/\/colegiojoaoherman.com.br\/?page_id=7988"},"modified":"2022-04-21T12:42:23","modified_gmt":"2022-04-21T15:42:23","slug":"projetoleituraepl","status":"publish","type":"page","link":"https:\/\/colegiojoaoherman.com.br\/?page_id=7988","title":{"rendered":"PROJETO DE LEITURA E ESCRITA PRAZER DE LER."},"content":{"rendered":"\t\t<div data-elementor-type=\"wp-page\" data-elementor-id=\"7988\" class=\"elementor elementor-7988\">\n\t\t\t\t\t\t<section class=\"elementor-section elementor-top-section elementor-element elementor-element-10311129 elementor-section-stretched elementor-section-full_width elementor-section-height-default elementor-section-height-default\" data-id=\"10311129\" data-element_type=\"section\" data-e-type=\"section\" data-settings=\"{&quot;stretch_section&quot;:&quot;section-stretched&quot;,&quot;background_background&quot;:&quot;classic&quot;,&quot;shape_divider_top&quot;:&quot;waves&quot;,&quot;shape_divider_bottom&quot;:&quot;waves&quot;}\">\n\t\t\t\t\t<div class=\"elementor-shape elementor-shape-top\" aria-hidden=\"true\" data-negative=\"false\">\n\t\t\t<svg xmlns=\"http:\/\/www.w3.org\/2000\/svg\" viewBox=\"0 0 1000 100\" preserveAspectRatio=\"none\">\n\t<path class=\"elementor-shape-fill\" d=\"M421.9,6.5c22.6-2.5,51.5,0.4,75.5,5.3c23.6,4.9,70.9,23.5,100.5,35.7c75.8,32.2,133.7,44.5,192.6,49.7\n\tc23.6,2.1,48.7,3.5,103.4-2.5c54.7-6,106.2-25.6,106.2-25.6V0H0v30.3c0,0,72,32.6,158.4,30.5c39.2-0.7,92.8-6.7,134-22.4\n\tc21.2-8.1,52.2-18.2,79.7-24.2C399.3,7.9,411.6,7.5,421.9,6.5z\"\/>\n<\/svg>\t\t<\/div>\n\t\t\t\t<div class=\"elementor-shape elementor-shape-bottom\" aria-hidden=\"true\" data-negative=\"false\">\n\t\t\t<svg xmlns=\"http:\/\/www.w3.org\/2000\/svg\" viewBox=\"0 0 1000 100\" preserveAspectRatio=\"none\">\n\t<path class=\"elementor-shape-fill\" d=\"M421.9,6.5c22.6-2.5,51.5,0.4,75.5,5.3c23.6,4.9,70.9,23.5,100.5,35.7c75.8,32.2,133.7,44.5,192.6,49.7\n\tc23.6,2.1,48.7,3.5,103.4-2.5c54.7-6,106.2-25.6,106.2-25.6V0H0v30.3c0,0,72,32.6,158.4,30.5c39.2-0.7,92.8-6.7,134-22.4\n\tc21.2-8.1,52.2-18.2,79.7-24.2C399.3,7.9,411.6,7.5,421.9,6.5z\"\/>\n<\/svg>\t\t<\/div>\n\t\t\t\t\t<div class=\"elementor-container elementor-column-gap-default\">\n\t\t\t\t\t<div class=\"elementor-column elementor-col-100 elementor-top-column elementor-element elementor-element-29f6b9a9\" data-id=\"29f6b9a9\" data-element_type=\"column\" data-e-type=\"column\">\n\t\t\t<div class=\"elementor-widget-wrap\">\n\t\t\t\t\t\t\t<\/div>\n\t\t<\/div>\n\t\t\t\t\t<\/div>\n\t\t<\/section>\n\t\t\t\t<section class=\"elementor-section elementor-top-section elementor-element elementor-element-75a953b1 elementor-section-boxed elementor-section-height-default elementor-section-height-default\" data-id=\"75a953b1\" data-element_type=\"section\" data-e-type=\"section\">\n\t\t\t\t\t\t<div class=\"elementor-container elementor-column-gap-default\">\n\t\t\t\t\t<div class=\"elementor-column elementor-col-100 elementor-top-column elementor-element elementor-element-2fddfcbf\" data-id=\"2fddfcbf\" data-element_type=\"column\" data-e-type=\"column\">\n\t\t\t<div class=\"elementor-widget-wrap elementor-element-populated\">\n\t\t\t\t\t\t<div class=\"elementor-element elementor-element-e266a79 elementor-widget elementor-widget-spacer\" data-id=\"e266a79\" data-element_type=\"widget\" data-e-type=\"widget\" data-widget_type=\"spacer.default\">\n\t\t\t\t<div class=\"elementor-widget-container\">\n\t\t\t\t\t\t\t<div class=\"elementor-spacer\">\n\t\t\t<div class=\"elementor-spacer-inner\"><\/div>\n\t\t<\/div>\n\t\t\t\t\t\t<\/div>\n\t\t\t\t<\/div>\n\t\t\t\t<div class=\"elementor-element elementor-element-cd3093c elementor-widget elementor-widget-heading\" data-id=\"cd3093c\" data-element_type=\"widget\" data-e-type=\"widget\" data-widget_type=\"heading.default\">\n\t\t\t\t<div class=\"elementor-widget-container\">\n\t\t\t\t\t<h6 class=\"elementor-heading-title elementor-size-small\">PROJETO DE LEITURA E ESCRITA PRAZER DE LER.<\/h6>\t\t\t\t<\/div>\n\t\t\t\t<\/div>\n\t\t\t\t\t<\/div>\n\t\t<\/div>\n\t\t\t\t\t<\/div>\n\t\t<\/section>\n\t\t\t\t<section class=\"elementor-section elementor-top-section elementor-element elementor-element-77474da2 elementor-section-boxed elementor-section-height-default elementor-section-height-default\" data-id=\"77474da2\" data-element_type=\"section\" data-e-type=\"section\">\n\t\t\t\t\t\t<div class=\"elementor-container elementor-column-gap-default\">\n\t\t\t\t\t<div class=\"elementor-column elementor-col-100 elementor-top-column elementor-element elementor-element-602707df\" data-id=\"602707df\" data-element_type=\"column\" data-e-type=\"column\">\n\t\t\t<div class=\"elementor-widget-wrap elementor-element-populated\">\n\t\t\t\t\t\t<div class=\"elementor-element elementor-element-1a7436a1 elementor-widget elementor-widget-spacer\" data-id=\"1a7436a1\" data-element_type=\"widget\" data-e-type=\"widget\" data-widget_type=\"spacer.default\">\n\t\t\t\t<div class=\"elementor-widget-container\">\n\t\t\t\t\t\t\t<div class=\"elementor-spacer\">\n\t\t\t<div class=\"elementor-spacer-inner\"><\/div>\n\t\t<\/div>\n\t\t\t\t\t\t<\/div>\n\t\t\t\t<\/div>\n\t\t\t\t<div class=\"elementor-element elementor-element-369de70 elementor-widget elementor-widget-text-editor\" data-id=\"369de70\" data-element_type=\"widget\" data-e-type=\"widget\" data-widget_type=\"text-editor.default\">\n\t\t\t\t<div class=\"elementor-widget-container\">\n\t\t\t\t\t\t\t\t\t<p style=\"text-align: center;\"><strong>Introdu\u00e7\u00e3o<\/strong><\/p><p>Justificativa<\/p><h5>Atrav\u00e9s desse projeto, pretende-se resgatar o valor da leitura, como ato de prazer e requisito para emancipa\u00e7\u00e3o social e promo\u00e7\u00e3o da cidadania atrav\u00e9s dos contos de fadas, fabulas e outros g\u00eaneros textuais que est\u00e3o ausentes da vida escolar e tamb\u00e9m de algumas crian\u00e7as. Pretende-se tamb\u00e9m estimular atrav\u00e9s destes o gosto da leitura nos alunos do Maternal ao 5\u00ba ano do Ensino Fundamental do Col\u00e9gio Jo\u00e3o Herman Rodrigues de Figueiredo.<\/h5><h5>Atrav\u00e9s da leitura o ser humano consegue se transportar para o desconhecido, explora-lo, decifrar os sentimentos e emo\u00e7\u00f5es que o cercam e acrescentar vida ao sabor da exist\u00eancia. Pode ent\u00e3o, vivenciar experi\u00eancias que propiciem e solidifiquem os conhecimentos significativos de seu processo aprendizagem.<\/h5><h5>Neste sentido pensamos ser dever, de nossa institui\u00e7\u00e3o de ensino, juntamente com as professoras e equipe pedag\u00f3gica propiciar aos nossos educandos momentos que possam despertar neles o gosto pela leitura, o amor ao livro, a consci\u00eancia da import\u00e2ncia de se adquirir o h\u00e1bito de ler. A crian\u00e7a deve perceber que a leitura \u00e9 o instrumento chave para alcan\u00e7ar as compet\u00eancias necess\u00e1rias a uma vida de qualidade, produtiva e com realiza\u00e7\u00e3o.<\/h5><p>P\u00fablico Alvo<\/p><h5>Alunos do Maternal ao 5\u00ba ano do Ensino Fundamental.<\/h5><p>Objetivos<\/p><ul><li><h5>Despertar o prazer da leitura e agu\u00e7ar o potencial cognitivo da crian\u00e7a.<\/h5><h5>\u2022 Incentivar as crian\u00e7as na descoberta do universo da literatura infantil, confrontando realidade e fantasia.<\/h5><h5>\u2022 Auxiliar as crian\u00e7as no desenvolvimento do gosto pela leitura e por hist\u00f3rias, estimulando tamb\u00e9m o l\u00fadico e o faz de conta.<\/h5><h5>\u2022 Possibilitar produ\u00e7\u00f5es orais, escritas e outras linguagens.<\/h5><h5>\u2022 Estimular o desejo de novas leituras.<\/h5><\/li><\/ul><p>Livros e Contos Trabalhados<\/p><ul><li><h5>Chapeuzinho Vermelho;<\/h5><h5>\u2022 O Patinho Feio;<\/h5><h5>\u2022 O Cravo e a Rosa;<\/h5><h5>\u2022 O Gato Xadrez;<\/h5><h5>\u2022 Bia Baixinha;<\/h5><h5>\u2022 Era Uma Vez\u2026 Viajando na Obra de Monteiro Lobato;<\/h5><h5>\u2022 Brincadeira de Crian\u00e7a;<\/h5><h5>\u2022 \u00c1rvore dos G\u00eaneros Textuais.<\/h5><\/li><\/ul><p>Recursos Utilizados<\/p><ul><li><h5>Livros, pap\u00e9is, tintas, l\u00e1pis de cor;<\/h5><h5>\u2022 Fantoches diversos;<\/h5><h5>\u2022 V\u00eddeos;<\/h5><h5>\u2022 Tapete l\u00fadico;<\/h5><h5>\u2022 Fantasias;<\/h5><h5>\u2022 Giz de cera, pintura de dedos, livros de contos de fadas.<\/h5><\/li><\/ul><p>Cronograma<\/p><h5>O projeto foi trabalhado de abril a novembro de 2021. Sendo uma aula de leitura semanal.<\/h5><p>Avalia\u00e7\u00e3o<\/p><h5>Realizadas durante o per\u00edodo do projeto:<\/h5><ul><li><h5>Produ\u00e7\u00e3o textual;<\/h5><\/li><li><h5>Reprodu\u00e7\u00e3o dos contos (encena\u00e7\u00e3o);<\/h5><\/li><li><h5>Pesquisa;<\/h5><\/li><li><h5>Leitura com diversos g\u00eaneros;<\/h5><\/li><li><h5>Participa\u00e7\u00e3o ativa das crian\u00e7as;<\/h5><\/li><li><h5>Pintura e colagem sobre as hist\u00f3rias;<\/h5><\/li><li><h5>Roda de leitura.<\/h5><\/li><\/ul>\t\t\t\t\t\t\t\t<\/div>\n\t\t\t\t<\/div>\n\t\t\t\t\t<\/div>\n\t\t<\/div>\n\t\t\t\t\t<\/div>\n\t\t<\/section>\n\t\t\t\t<\/div>\n\t\t","protected":false},"excerpt":{"rendered":"<p>PROJETO DE LEITURA E ESCRITA PRAZER DE LER. Introdu\u00e7\u00e3o Justificativa Atrav\u00e9s desse projeto, pretende-se resgatar o valor da leitura, como ato de prazer e requisito para emancipa\u00e7\u00e3o social e promo\u00e7\u00e3o da cidadania atrav\u00e9s dos contos de fadas, fabulas e outros g\u00eaneros textuais que est\u00e3o ausentes da vida escolar e tamb\u00e9m de algumas crian\u00e7as. Pretende-se tamb\u00e9m [&hellip;]<\/p>\n","protected":false},"author":1,"featured_media":0,"parent":0,"menu_order":0,"comment_status":"closed","ping_status":"closed","template":"","meta":{"footnotes":""},"class_list":["post-7988","page","type-page","status-publish","hentry","entry"],"_links":{"self":[{"href":"https:\/\/colegiojoaoherman.com.br\/index.php?rest_route=\/wp\/v2\/pages\/7988","targetHints":{"allow":["GET"]}}],"collection":[{"href":"https:\/\/colegiojoaoherman.com.br\/index.php?rest_route=\/wp\/v2\/pages"}],"about":[{"href":"https:\/\/colegiojoaoherman.com.br\/index.php?rest_route=\/wp\/v2\/types\/page"}],"author":[{"embeddable":true,"href":"https:\/\/colegiojoaoherman.com.br\/index.php?rest_route=\/wp\/v2\/users\/1"}],"replies":[{"embeddable":true,"href":"https:\/\/colegiojoaoherman.com.br\/index.php?rest_route=%2Fwp%2Fv2%2Fcomments&post=7988"}],"version-history":[{"count":15,"href":"https:\/\/colegiojoaoherman.com.br\/index.php?rest_route=\/wp\/v2\/pages\/7988\/revisions"}],"predecessor-version":[{"id":12763,"href":"https:\/\/colegiojoaoherman.com.br\/index.php?rest_route=\/wp\/v2\/pages\/7988\/revisions\/12763"}],"wp:attachment":[{"href":"https:\/\/colegiojoaoherman.com.br\/index.php?rest_route=%2Fwp%2Fv2%2Fmedia&parent=7988"}],"curies":[{"name":"wp","href":"https:\/\/api.w.org\/{rel}","templated":true}]}}